at is the hundred thousands digit of 154064430?
0
What is the hundred thousands digit of 680987845?
9
What is the ten thousands digit of 120631083?
3
What is the hundred thousands digit of 4494764267?
7
What is the ten millions digit of 110787578?
1
What is the units digit of 5909546353?
3
What is the hundreds digit of 394231108?
1
What is the ten millions digit of 60065383?
6
What is the hundreds digit of 3942550088?
0
What is the hundreds digit of 1249387927?
9
What is the hundred millions digit of 224617188?
2
What is the tens digit of 202703372?
7
What is the millions digit of 150446333?
0
What is the ten thousands digit of 402983462?
8
What is the hundreds digit of 2769692?
6
What is the tens digit of 4287485197?
9
What is the millions digit of 3985919865?
5
What is the tens digit of 375473981?
8
What is the millions digit of 72634784?
2
What is the billions digit of 8022279157?
8
What is the hundred thousands digit of 7297438136?
4
What is the tens digit of 70813728?
2
What is the tens digit of 92791005?
0
What is the ten thousands digit of 7541737?
4
What is the tens digit of 2667839953?
5
What is the hundred thousands digit of 140416029?
4
What is the hundreds digit of 389017067?
0
What is the hundred thousands digit of 2868803929?
8
What is the tens digit of 19227319?
1
What is the millions digit of 566444666?
6
What is the ten millions digit of 701498093?
0
What is the billions digit of 1957290776?
1
What is the ten thousands digit of 174936872?
3
What is the millions digit of 485946754?
5
What is the units digit of 57146983?
3
What is the tens digit of 88061709?
0
What is the hundred millions digit of 158614358?
1
What is the millions digit of 731297644?
1
What is the thousands digit of 2364087056?
7
What is the ten thousands digit of 7037653?
3
What is the units digit of 248265336?
6
What is the ten thousands digit of 71766907?
6
What is the ten millions digit of 37455868?
3
What is the millions digit of 269540113?
9
What is the tens digit of 5500349?
4
What is the hundreds digit of 2780950835?
8
What is the thousands digit of 389984210?
4
What is the ten thousands digit of 214968020?
6
What is the ten millions digit of 1879479797?
7
What is the tens digit of 52421229?
2
What is the hundreds digit of 163041255?
2
What is the thousands digit of 4137390890?
0
What is the tens digit of 36947601?
0
What is the hundred thousands digit of 49188713?
1
What is the millions digit of 320071282?
0
What is the hundred millions digit of 1963355631?
9
What is the hundred thousands digit of 12894934?
8
What is the hundred thousands digit of 25907969?
9
What is the thousands digit of 72783899?
3
What is the tens digit of 1817202424?
2
What is the hundred millions digit of 282905828?
2
What is the hundred millions digit of 394244744?
3
What is the units digit of 5106575280?
0
What is the tens digit of 471814563?
6
What is the units digit of 4627548540?
0
What is the hundred millions digit of 898107049?
8
What is the hundred thousands digit of 90912556?
9
What is the millions digit of 32068947?
2
What is the ten millions digit of 77454020?
7
What is the thousands digit of 78919720?
9
What is the units digit of 19645875?
5
What is the hundred thousands digit of 5742121473?
1
What is the hundreds digit of 9594781?
7
What is the hundred millions digit of 572277586?
5
What is the hundreds digit of 13421821?
8
What is the tens digit of 1079260675?
7
What is the units digit of 344221893?
3
What is the millions digit of 66166148?
6
What is the millions digit of 11455090?
1
What is the hundreds digit of 1543423777?
7
What is the ten millions digit of 277221335?
7
What is the hundreds digit of 56841583?
5
What is the units digit of 3771471423?
3
What is the hundreds digit of 68112539?
5
What is the hundred millions digit of 8944199595?
9
What is the hundred thousands digit of 820986029?
9
What is the hundred thousands digit of 482012207?
0
What is the ten thousands digit of 116723865?
2
What is the hundred thousands digit of 1054277665?
2
What is the hundreds digit of 24510281?
2
What is the hundred thousands digit of 66305771?
3
What is the hundreds digit of 804985656?
6
What is the tens digit of 45557765?
6
What is the units digit of 2896788086?
6
What is the hundreds digit of 282654870?
8
What is the ten millions digit of 1201728868?
0
What is the units digit of 1036165915?
5
What is the hundreds digit of 8364483758?
7
What is the tens digit of 145592232?
3
What is the millions digit of 33229665?
3
What is the hundred millions digit of 547904896?
5
What is the units digit of 485011410?
0
What is the billions digit of 2972804615?
2
What is the hundred millions digit of 240531699?
2
What is the tens digit of 148407374?
7
What is the tens digit of 6630347366?
6
What is the units digit of 320802400?
0
What is the thousands digit of 89579301?
9
What is the tens digit of 1008867355?
5
What is the units digit of 35354636?
6
What is the ten thousands digit of 2627387154?
8
What is the ten millions digit of 2699014905?
9
What is the hundreds digit of 16693055?
0
What is the hundred millions digit of 554459952?
5
What is the hundreds digit of 241395323?
3
What is the hundred millions digit of 7966283238?
9
What is the units digit of 4154862560?
0
What is the millions digit of 19295355?
9
What is the thousands digit of 2274890?
4
What is the millions digit of 67189856?
7
What is the ten thousands digit of 16604814?
0
What is the hundred thousands digit of 71894107?
8
What is the ten thousands digit of 594572551?
7
What is the millions digit of 50811611?
0
What is the hundred thousands digit of 1736030973?
0
What is the hundred thousands digit of 11212872?
2
What is the units digit of 132560672?
2
What is the hundred millions digit of 2460910233?
4
What is the tens digit of 3855905071?
7
What is the hundreds digit of 541116727?
7
What is the ten thousands digit of 131638459?
3
What is the units digit of 1339218108?
8
What is the ten thousands digit of 2011687140?
8
What is the tens digit of 728093029?
2
What is the tens digit of 50424199?
9
What is the billions digit of 1933169708?
1
What is the tens digit of 446333010?
1
What is the tens digit of 37492?
9
What is the hundred millions digit of 812022749?
8
What is the tens digit of 36597975?
7
What is the ten millions digit of 301454757?
0
What is the units digit of 540119475?
5
What is the ten millions digit of 1241257792?
4
What is the hundred thousands digit of 16008814?
0
What is the billions digit of 1161405493?
1
What is the tens digit of 45697896?
9
What is the hundred millions digit of 194424083?
1
What is the millions digit of 415806748?
5
What is the ten thousands digit of 40262843?
6
What is the millions digit of 841491246?
1
What is the tens digit of 10459838?
3
What is the tens digit of 879342619?
1
What is the tens digit of 35947384?
8
What is the tens digit of 13050027?
2
What is the units digit of 45893506?
6
What is the units digit of 8703296?
6
What is the millions digit of 4326508?
4
What is the thousands digit of 545254140?
4
What is the hundred millions digit of 164909788?
1
What is the tens digit of 463884294?
9
What is the tens digit of 14778266?
6
What is the ten thousands digit of 20636237?
3
What is the ten thousands digit of 72297284?
9
What is the hundreds digit of 126853253?
2
What is the tens digit of 3857457968?
6
What is the hundreds digit of 948167126?
1
What is the units digit of 28253302?
2
What is the hundred thousands digit of 417275726?
2
What is the units digit of 84651247?
7
What is the thousands digit of 7694067690?
7
What is the millions digit of 45895074?
5
What is the hundred thousands digit of 12267703?
2
What is the ten thousands digit of 72012224?
1
What is the hundred millions digit of 553407127?
5
What is the ten thousands digit of 26646958?
4
What is the ten thousands digit of 113523115?
2
What is the ten thousands digit of 857971351?
7
What is the thousands digit of 12825388?
5
What is the millions digit of 292291759?
2
What is the tens digit of 19147289?
8
What is the hundred thousands digit of 264193917?
1
What is the thousands digit of 1555074178?
4
What is the ten millions digit of 191095446?
9
What is the hundreds digit of 28760753?
7
What is the hundreds d